(base 15) to base 12
197105
Convert 112121202221 (base 3) to base 6.
10100211
-696868 (base 13) to base 2
-1001100010001101100011
What is 52a978 (base 13) in base 16?
1d8f19
661c (base 16) to base 5
1314030
Convert 2043133020 (base 5) to base 2.
10000010010101110100010
1171022 (base 8) to base 5
40332424
Convert 335124 (base 8) to base 4.
123221110
-21221022010 (base 3) to base 14
-40d0d
-530fd (base 16) to base 13
-bbb1b
What is -dcb21 (base 14) in base 13?
-1593b0
194b148 (base 12) to base 9
11020112
132122032 (base 4) to base 3
20022212021
What is 12eb3 (base 16) in base 14?
20351
What is -751ad (base 15) in base 5?
-43343023
632518 (base 9) to base 3
201002120122
What is 110111010111001101101 (base 2) in base 16?
1bae6d
Convert 10001111101120 (base 3) to base 12.
663820
-2402156 (base 7) to base 10
-303302
1011000001100001101 (base 2) to base 15
7206e
-5549020 (base 10) to base 6
-314533524
Convert d9842d (base 15) to base 10.
10355443
30141103 (base 7) to base 5
1114404220
Convert 108ab0 (base 12) to base 4.
1000200210
Convert 166022610 (base 7) to base 14.
1732db0
Convert -5312352 (base 7) to base 12.
-26b5a9
Convert -253960 (base 11) to base 12.
-1738b3
Convert -41220522 (base 7) to base 9.
-6438166
12012010221 (base 3) to base 15
20411
Convert 21221311111 (base 4) to base 16.
269d55
Convert 100010011000101101111000 (base 2) to base 5.
4301423021
Convert 31310003 (base 6) to base 4.
3132123303
Convert 3110002120 (base 4) to base 6.
30340504
What is b760a (base 12) in base 16?
3adaa
Convert -500142 (base 7) to base 11.
-58218
24204022 (base 6) to base 9
1382475
312211313 (base 4) to base 10
223607
Convert 2158263 (base 10) to base 2.
1000001110111010110111
What is 111312320332 (base 4) in base 8?
25667076
55435645 (base 7) to base 16
48f961
Convert -b8569 (base 13) to base 14.
-8934b
Convert 42898b8 (base 12) to base 10.
12624332
Convert -142424024 (base 5) to base 3.
-1102000221101
What is -642480 (base 9) in base 11?
-24132a
Convert 13438844 (base 9) to base 10.
6639691
-4753233 (base 10) to base 9
-8844180
What is 9113c4 (base 14) in base 10?
4882336
21b082 (base 13) to base 5
200423140
What is -1617773 (base 9) in base 10?
-898032
What is -143142301 (base 5) in base 4?
-2320203233
What is 1768a8 (base 11) in base 5?
32210420
-1096083 (base 10) to base 9
-2050480
What is 2121111222022 (base 3) in base 12?
56b2a5
Convert -7632 (base 15) to base 7.
-132644
Convert -a9769 (base 11) to base 7.
-1232315
-4134232000 (base 5) to base 6
-502210343
Convert -2013312310 (base 4) to base 7.
-4505233
What is -1a86c (base 16) in base 9?
-175034
What is -1124030144 (base 5) in base 6?
-130544200
What is 1220000020220 (base 3) in base 13?
291cc3
What is -312110112 (base 4) in base 13?
-7a364
What is 1813246 (base 11) in base 8?
13575357
What is -10110001100001011 (base 2) in base 9?
-147610
bee60 (base 16) to base 9
1421530
What is 20518634 (base 9) in base 7?
146633305
What is 110112121322 (base 4) in base 7?
63225626
Convert -1350111 (base 6) to base 5.
-4422012
-31322102 (base 5) to base 11
-169024
-1441130024 (base 5) to base 4
-32223220330
Convert 2261550 (base 7) to base 15.
591e6
What is 3402216 (base 8) in base 10?
918670
Convert -118860 (base 10) to base 12.
-58950
What is -16911 (base 12) in base 8?
-77235
What is 525068 (base 11) in base 7?
10102446
Convert -250665 (base 9) to base 6.
-3125052
What is f2bc5 (base 16) in base 10?
994245
What is 5527774 (base 8) in base 12?
5b8538
Convert 2036c (base 14) to base 12.
38a38
Convert -1003103130 (base 4) to base 10.
-275676
What is 222131502 (base 6) in base 11?
22a9717
Convert 16253 (base 7) to base 16.
11f3
Convert -36121534 (base 7) to base 4.
-30030330121
What is -412551 (base 8) in base 15?
-2a6d8
ac7a6 (base 13) to base 14
82261
What is 671325 (base 8) in base 3?
102111000120
Convert -50031 (base 9) to base 7.
-164503
What is -32070650 (base 9) in base 12?
-52158b3
210110232322 (base 4) to base 16
914bba
What is a8da8 (base 14) in base 9?
682701
What is 1b528 (base 13) in base 11?
37304
Convert -64844 (base 14) to base 4.
-323112130
1032112021 (base 4) to base 15
6513a
330440 (base 8) to base 7
641160
-111000000110011101010001 (base 2) to base 6
-1243113413
What is 14702411 (base 8) in base 9?
6315477
Convert 13022312322 (base 4) to base 3.
10112111011110
-498b (base 12) to base 13
-3a28
Convert -1715b2a (base 14) to base 3.
-210100120101210
What is 24d84 (base 15) in base 16?
1cc27
What is 110220012101210 (base 3) in base 15?
905a80
What is -173450 (base 11) in base 4?
-1001130212
Convert -1884b (base 15) to base 9.
-131038
What is -897910 (base 14) in base 15?
-623782
Convert -1101010101101110 (base 2) to base 14.
-15caa
Convert 96158 (base 14) to base 3.
200102020021
983a3 (base 11) to base 8
427055
36d2d5 (base 15) to base 7
31216100
What is 2341451 (base 6) in base 5?
12402330
What is 11234134 (base 5) in base 4?
121000103
33220323021 (base 4) to base 2
1111101000111011001001
36292 (base 11) to base 4
30300130
2021003 (base 8) to base 4
2002020003
135b (base 13) to base 9
3728
What is 228132 (base 9) in base 13?
4a57c
Convert 50821 (base 10) to base 6.
1031141
What is 321340323 (base 5) in base 15?
1bba5d
101010000111100100100 (base 2) to base 7
14505465
What is -7550304 (base 8) in base 2?
-111101101000011000100
-1010010100001100010010 (base 2) to base 6
-133543110
Convert 32119 (base 13) to base 2.
10110000010011100
What is 111023333231 (base 4) in base 5?
2410213112
Convert 1080a (base 11) to base 13.
7156
What is 81fb24 (base 16) in base 14?
11ba55a
-11346176 (base 8) to base 7
-30025051
What is 16260 (base 7) in base 12?
27b3
-129825 (base 11) to base 10
-203307
Convert -9512d (base 14) to base 3.
-200021102021
What is 954990 (base 12) in base 15?
316b09
14258583 (base 9) to base 4
122331011130
Convert -1243143244 (base 5) to base 14.
-5a9960
Convert -11455163 (base 9) to base 13.
-1208142
10010001000101011011 (base 2) to base 6
20423123
What is 9bab90 (base 13) in base 9?
6827605
10100111101101011 (base 2) to base 4
110331223
What is 271304 (base 8) in base 5?
11014131
-37900 (base 14) to base 12
-669b8
What is -244010 (base 5) in base 14?
-3531
10066730 (base 8) to base 10
2125272
10000111101111010 (base 2) to base 14
1b482
Convert 1013163 (base 7) to base 16.
1d955
2aa13 (base 14) to base 10
106249
Convert 16a474 (base 14) to base 4.
3002133212
What is a66b3 (base 14) in base 11?
254aa6
Convert 11203340 (base 5) to base 4.
120201312
167073 (base 9) to base 11
70908
What is 72346 (base 8) in base 7?
153151
Convert -13b4925 (base 14) to base 3.
-200000122000222
What is -33523403 (base 6) in base 10?
-1022043
What is 168116 (base 9) in base 11?
71438
Convert -16e8c6 (base 16) to base 8.
-5564306
What is accda (base 16) in base 15?
deabc
-8eead (base 16) to base 12
-242925
Convert 2211504 (base 6) to base 16.
1afe0
-21131323 (base 4) to base 3
-1222012021
133a619 (base 11) to base 9
4314368
What is 38a66 (base 11) in base 5?
3241403
Convert 232c09c (base 13) to base 16.
a59328
-831525 (base 10) to base 5
-203102100
What is 221121102213 (base 4) in base 9?
22368406
1210100000002 (base 3) to base 6
32220215
Convert 269b5c (base 13) to base 10.
935661
What is 12126321 (base 8) in base 16?
28acd1
Convert -10121001011220 (base 3) to base 12.
-781480
-112110111010 (base 3) to base 15
-59529
Convert 433425331 (base 6) to base 14.
10542b5
What is -101011111000000000101000 (base 2) in base 15?
-1022d3d
Convert -10300252 (base 7) to base 14.
-18a799
4030252 (base 6) to base 8
564230
Convert 430012 (base 6) to base 8.
104270
1020606 (base 7) to base 2
11101111101111111
What is 2531706 (base 9) in base 10?
1379112
What is 24564 (base 12) in base 13?
19501
895455 (base 10) to base 5
212123310
What is 8963a8 (base 12) in base 13?
5b7cc9
-147401 (base 9) to base 3
-11121110001
What is 1c80b1 (base 15) in base 2?
101010100010101111001
Convert -1037086 (base 9) to base 14.
-106a41
-1110266 (base 7) to base 8
-413453
Convert 55425253 (base 6) to base 4.
12113030001
What is -44343 (base 14) in base 7?
-1255613
-2abb06 (base 13) to base 5
-232213403
What is 306439 (base 10) in base 15?
60be4
What is 3407264 (base 8) in base 2?
11100000111010110100
Convert 2051541 (base 6) to base 9.
162417
What 